 -n - 4*g + 7. Let l(j) = 4*j**3 + 2*j**2 - 1. Calculate l(n).
-3
Let f(v) be the third derivative of -v**6/120 + 2*v**5/15 + v**4/12 + 11*v**3/6 + 4*v**2 - 26. Determine f(9).
-52
Let f = 165 + -160. Let v(b) = -b + 9. Determine v(f).
4
Suppose -g + 5 + 0 = s, 10 = 2*g + 3*s. Let j(d) = -6*d - g*d + 5*d + 2*d + d**2. Give j(2).
-4
Let i(t) = -3*t - 10. Suppose 5*u - k = -55, -u + 4*k - 11 = -0*k. Let c(j) = j + 3. Suppose -6*q = -12*q - 24. Let p(m) = q*i(m) + u*c(m). Determine p(-6).
1
Let c(s) = -s**3 + 30*s**2 - 5*s + 2. Let h(b) = -5*b**2 + b + 2. Let l(i) = -c(i) - 4*h(i). Determine l(10).
0
Let j = -24 + 24. Let o(y) = -10 + j*y + 14 - 7 - y. Give o(5).
-8
Suppose 2*n + 4 = 4*h + 4*n, -4*n = -3*h - 19. Let t(g) = -23*g - 9. Let v(m) = -11*m - 5. Let l(r) = 4*t(r) - 7*v(r). Determine l(h).
14
Suppose 0 = -0*t - 2*t + 78. Suppose -15*x + 66 + t = 0. Let u(h) = h**2 - 6*h + 5. What is u(x)?
12
Let w = -7 - -4. Let x(t) = 5*t**2 - 4*t + 15. Let p(s) = -2*s**2 + 2*s - 7. Let l(u) = 3*u + 15. Let o be l(-4). Let g(k) = o*x(k) + 7*p(k). What is g(w)?
-1
Let b(t) = -1 + t + 4 + 17*t - 16*t. Calculate b(-6).
-9
Suppose 5 = -3*l - 4*p, -4 = -p - 3. Let r(x) = 3*x**3 - x + 4. Let a(s) = -4*s**3 + s**2 - 5. Let d(y) = -2*a(y) - 3*r(y). Give d(l).
-2
Let p(f) be the second derivative of f**4/6 + 2*f**3/3 + 5*f**2/2 + f. Let n(c) = c**2 + 1. Let v(o) = 3*n(o) - p(o). What is v(6)?
10
Suppose 1 = -4*v + 9. Let r(u) = -4*u**3 + 11*u**2 + 3*u - 6. Let c(b) = -b**3 + 3*b**2 - 1. Let g(d) = -5*c(d) + r(d). Calculate g(v).
-3
Let q be (7 - 5)/(-1) + 2. Let d(x) = -x**3 + 2*x**2 + x + 3. What is d(q)?
3
Let w(v) = v**3 + 6*v**2 + v - 7. Suppose r - 5*r = -3*q - 22, -2*q - 5*r - 7 = 0. What is w(q)?
-13
Let f(j) = 449 + j - 25*j**2 - 222 - 228. Determine f(1).
-25
Let d = -1005/2 - -504. Let w(y) be the first derivative of -d*y**2 + y - 4. Determine w(2).
-5
Let m(t) = t**2 + 7*t - 7*t - 6*t - 1. Let a be (-2)/6*(-15 - 0/(-5)). Determine m(a).
-6
Let z(i) = i + 0 + 1 - 11 + 5. Suppose -m + 6 = -0. Give z(m).
1
Let z(v) = -v**3 - 5*v**2 + 3*v - 3. Let j = 20 + -29. Let m(y) = y + 23. Let u be m(j). Let l = u + -19. What is z(l)?
-18
Suppose 3*u + 54 = -5*b + b, u - 2 = 0. Let a(d) = 2*d + 27. Determine a(b).
-3
Let f(k) = 5*k**2 + 13*k. Let c be f(-3). Let d(t) be the second derivative of 0 + t - 1/6*t**3 - c*t**2. Determine d(0).
-12
Let a(m) be the first derivative of m**2/2 + 14*m - 49. Give a(-12).
2
Let k(w) be the first derivative of -w**3/3 - 7*w**2/2 - 5*w + 4. Suppose 1981*s - 1961*s = -100. Calculate k(s).
5
Let d(f) = 6*f**2. Let l be d(-1). Let b(i) = -28 - 28 - 35 + 2*i + 92. What is b(l)?
13
Let x(f) be the third derivative of f**5/30 - 5*f**4/12 + 13*f**3/6 - 6*f**2 - 3*f. Determine x(6).
25
Let d = -1759 - -1761. Let u(g) be the second derivative of g**5/20 - g**4/4 + g**2 - g. Determine u(d).
-2
Let n(j) = 35 - 69 + j**2 - 12*j - 4*j - 50. What is n(20)?
-4
Let i(p) = p**3 + 11*p**2 + 11*p + 6. Let a(j) = -2*j**2 - 28*j + 20. Let c = 19 - 34. Let x be a(c). Calculate i(x).
-4
Let k(h) = -5*h**3 + 2*h**2 - 5*h + 1. Let w(v) = v**3 + v**2 - 1. Suppose 7*a = 26 - 54. Let j(u) = a*w(u) - k(u). Calculate j(5).
3
Suppose -2*o - s - 3*s - 16 = 0, 0 = -o - 5*s - 23. Let z(c) = 3*c - 5. Let q = 31 - 32. Let t(j) = j. Let x(l) = o*t(l) + q*z(l). Calculate x(5).
0
Let p(t) = t**3 - 3*t**2 + 4*t - 2. Let w(n) = -2*n**3 + 5*n**2 - 4*n + 7. Let v be w(3). Let i be (v/(-8))/((-1)/(-4)). Suppose -12 = z - i*z. Calculate p(z).
2
Let k(s) be the second derivative of s**3/3 + 2*s**2 + 71*s. Determine k(7).
18
Let j = -8 + 9. Let i(k) = -j - 4*k + k + k. Give i(-4).
7
Let j(x) = -4*x**2 - 4*x + 5. Let h(p) = 17*p**2 + 17*p - 22. Let c(i) = -2*h(i) - 9*j(i). Suppose 3 = -q - w - 4, 2*w + 2 = 4*q. Give c(q).
3
Let i be 17/(-3) + (-3)/9. Let c(v) be the first derivative of -1/3*v**3 + 1 - 7/2*v**2 - v. Give c(i).
5
Let r(v) be the third derivative of v**8/6720 - v**5/12 - 4*v**4/3 - 30*v**2. Let f(m) be the second derivative of r(m). Let x = 0 - 0. Calculate f(x).
-10
Let h(a) be the second derivative of a**4/12 - 7*a**3/3 + 27*a**2/2 - 2*a - 58. Calculate h(11).
-6
Let v(u) = -u**3 - 4*u**2 - 5*u - 4. Let l(i) = i**3 + 18*i**2 + 18*i + 17. Let d be l(-17). Suppose 4*g + 12 = 3*w, -g + d = 5*w + 3. What is v(g)?
2
Suppose -3*c + 4*a - 37 = -8*c, -12 = -4*a. Let j(i) = 8*i - 26. What is j(c)?
14
Let a(n) = -5*n**3 + 3*n**2 - 3*n - 1. Let r(j) = -5*j**3 + 4*j**2 - 4*j - 1. Let y = 61 + -58. Let o(b) = y*r(b) - 4*a(b). What is o(1)?
6
Suppose -5*z = 44 - 144. Suppose 4*p - z = -0*p. Let g(f) = f - 5. Give g(p).
0
Let k(r) = r**3 - 11*r**2 + 2. Let q(i) = -i**3 + i**2 - 4. Let l(t) = k(t) + 2*q(t). What is l(-9)?
-6
Let p(n) = 2*n + 1. Let v be p(2). Let m(l) = 45*l + 15. Let o(f) = -2*f - 1. Let k(y) = -m(y) - 20*o(y). Give k(v).
-20
Let f(x) be the first derivative of 0*x - 12 + 3/2*x**2. What is f(2)?
6
Let g(z) = -z**2 - 5*z + 3. Let k(q) = -q + 1. Suppose 3*h - 1 = 2*h. Let p(c) = h*k(c) + g(c). Determine p(-6).
4
Let j(l) = -2*l**3 - 3*l**2 + 2. Let a be j(-2). Let i(c) = -15*c - 13. Let z(x) = -8*x - 7. Let q(k) = a*i(k) - 11*z(k). Let h = 3 - 4. Give q(h).
1
Suppose 2*n + 12 = 5*n. Let z be (-15)/13 + n/26. Let x(o) be the first derivative of -5*o**4/4 + o**3/3 + o**2 + o + 1. What is x(z)?
5
Let a(x) be the second derivative of x**4/12 + x**3/2 - x**2 - x. Let c(o) = -15*o - 2 + 11*o + o**2 + 7*o. Let f(y) = 6*a(y) - 5*c(y). Give f(-3).
-2
Let t(s) = 5*s**3 - 2*s**2 - 10*s - 14. Let j(d) = d**3 - 2*d**2 - 1. Let a(b) = -4*j(b) + t(b). Determine a(-7).
11
Let i(v) = -6*v + 7*v - 5 + 7*v - 7*v + 16. Give i(-6).
5
Let h = 44 + -38. Suppose 0 = -15*f - h - 9. Let s(l) = 9*l + 1. Calculate s(f).
-8
Let m(t) = -t**2 - 3*t + 1. Let x(g) = g**3 + 13*g**2 - 3. Suppose -4*h + 24 = 8. Suppose 5*k + 64 = -l - 2*l, -k = h*l + 57. Let y be x(l). Determine m(y).
1
Suppose 0 = q - 5*t - 67, -75 = q - 2*q + 3*t. Let l = q - 92. Let k(i) = i - 1. Give k(l).
-6
Let z(k) = -k**2 - 3*k + 6. Let g be z(1). Let h(a) be the second derivative of 0 - 1/6*a**3 + a - 5/2*a**g. What is h(5)?
-10
Let t(p) = -5*p + 42. Let v(x) = 3*x - 22. Let s(u) = 4*t(u) + 7*v(u). Determine s(-10).
4
Suppose 0 = -u - 16 + 13. Let k(f) = f**2 + 2*f + 3. Determine k(u).
6
Suppose -3*l = 17 + 1. Let z(n) = -9*n - 11*n - n**3 - 7*n**2 + 15*n. What is z(l)?
-6
Let y = -11 - -6. Let m(q) = 5*q + 4. Let x(v) = 14*v + 11. Let a(n) = 8*m(n) - 3*x(n). Determine a(y).
9
Let t(g) = 6*g**2 + 47*g - 9. Let z be t(-8). Let k(h) = 31*h - 1. Calculate k(z).
-32
Let y(l) = 15*l - 109. Let s be y(7). Let o(h) be the second derivative of -h**4/12 + h**3/3 - h**2/2 - 11*h. Determine o(s).
-25
Let y be 3/6*18 + 0 + 3. Let k be y/16*(-2 + -2). Let b(m) = -7*m - 2. Give b(k).
19
Let u(i) = 81*i**2 - 12*i - 80*i**2 - 6 + 14 + 12 - 2. Calculate u(10).
-2
Suppose 4*v - 4*z - 24 = 0, -v - 9 = -2*v - 2*z. Let k(f) = -f**2 + 6*f + 2. Give k(v).
-5
Let k = -39 - -73. Let i = k - 26. Let y(g) = -g + 4. Calculate y(i).
-4
Let y(v) be the second derivative of -v**4/12 + 3*v**3/2 + 4*v**2 + 160*v. Calculate y(10).
-2
Let b(q) = -120 + 78 - 7*q + q**2 + 29 + 0*q**2. Calculate b(12).
47
Let j = -35 - -38. Suppose p = -k + 2, 2*k + 1 = -j*p - 0. Let c(s) = -s**3 + 7*s**2 - 4. Give c(k).
-4
Let a(r) be the first derivative of r**3/3 - r**2/2 - 28*r - 60. Calculate a(0).
-28
Suppose -50 = 1048*m - 1053*m. Let f(c) = c**2 - 9*c - 1. What is f(m)?
9
Let z(n) = n**3 - 10*n**2 + 3*n - 11. Let o be (-308)/(-35) + 6/5. What is z(o)?
19
Let q(s) be the third derivative of -s**4/24 - 7*s**3/6 + 92*s**2. What is q(-6)?
-1
Let x = 843 + -841. Let r(g) = -8*g + 4. Let h(n) = n - 1. Let i(a) = 5*h(a) + r(a). Calculate i(x).
-7
Suppose 3*u - n - 1 = 0, 2*u + 2*n + 15 = 5. Let v be (-26)/6 + u/(-3). Let y(q) = -q + 1. Let d(r) = 2*r - 10. Let o(p) = -d(p) - 6*y(p). Calculate o(v).
-12
Let n(d) be the second derivative of -d**4/4 - 8*d**3/3 - 3*d**2 - 544*d. What is n(-5)?
-1
Let p(i) = -2*i + 16. Let s be p(7). Let m(f) = -f + 4 + 0*f - 10 + s*f. What is m(0)?
-6
Let g(b) = -2*b - 15. Let u be g(-11). Let h = 11 - u. Suppose 0 = -3*l + h*l. Let w(y) = y - 5. What is w(l)?
-5
Let y be (-8)/20 - 74/(-10). Let r(n) = 5*n + 165 - n**2 + 4*n - 2*n - 171 - n